7, 11
List the prime factors of 11479.
13, 883
What are the prime factors of 36048?
2, 3, 751
What are the prime factors of 9114?
2, 3, 7, 31
List the prime factors of 5631.
3, 1877
List the prime factors of 4018.
2, 7, 41
What are the prime factors of 54042?
2, 3, 9007
What are the prime factors of 392?
2, 7
What are the prime factors of 1086?
2, 3, 181
List the prime factors of 48671.
7, 17, 409
List the prime factors of 68403.
3, 151
What are the prime factors of 11047?
11047
What are the prime factors of 475?
5, 19
What are the prime factors of 10300?
2, 5, 103
What are the prime factors of 6709?
6709
List the prime factors of 638.
2, 11, 29
List the prime factors of 4006.
2, 2003
List the prime factors of 178254.
2, 3, 3301
List the prime factors of 110444.
2, 27611
What are the prime factors of 1190?
2, 5, 7, 17
List the prime factors of 36154.
2, 18077
What are the prime factors of 9960?
2, 3, 5, 83
What are the prime factors of 31075?
5, 11, 113
List the prime factors of 969.
3, 17, 19
List the prime factors of 9705.
3, 5, 647
What are the prime factors of 471?
3, 157
What are the prime factors of 21561?
3, 7187
List the prime factors of 6806.
2, 41, 83
List the prime factors of 9040.
2, 5, 113
List the prime factors of 1984.
2, 31
What are the prime factors of 1272?
2, 3, 53
What are the prime factors of 1069?
1069
List the prime factors of 512.
2
What are the prime factors of 322?
2, 7, 23
What are the prime factors of 5989?
53, 113
What are the prime factors of 22108?
2, 5527
List the prime factors of 84.
2, 3, 7
What are the prime factors of 9415?
5, 7, 269
What are the prime factors of 141?
3, 47
What are the prime factors of 43396?
2, 19, 571
What are the prime factors of 62106?
2, 3, 11, 941
List the prime factors of 10878.
2, 3, 7, 37
What are the prime factors of 1821?
3, 607
What are the prime factors of 1063?
1063
List the prime factors of 68227.
68227
List the prime factors of 149617.
13, 17, 677
List the prime factors of 1115.
5, 223
What are the prime factors of 12651?
3, 4217
What are the prime factors of 184?
2, 23
What are the prime factors of 9531?
3, 353
List the prime factors of 11244.
2, 3, 937
List the prime factors of 107413.
233, 461
What are the prime factors of 587?
587
What are the prime factors of 2187?
3
What are the prime factors of 34918?
2, 13, 17, 79
What are the prime factors of 5501?
5501
What are the prime factors of 2231?
23, 97
List the prime factors of 4112.
2, 257
What are the prime factors of 8686?
2, 43, 101
What are the prime factors of 169?
13
List the prime factors of 7732.
2, 1933
List the prime factors of 622.
2, 311
List the prime factors of 5762.
2, 43, 67
What are the prime factors of 98344?
2, 19, 647
What are the prime factors of 11119?
11119
List the prime factors of 755.
5, 151
List the prime factors of 8565.
3, 5, 571
What are the prime factors of 878?
2, 439
List the prime factors of 23023.
7, 11, 13, 23
What are the prime factors of 55182?
2, 3, 17, 541
What are the prime factors of 1791?
3, 199
List the prime factors of 1731.
3, 577
What are the prime factors of 43189?
43189
List the prime factors of 2059.
29, 71
List the prime factors of 9244.
2, 2311
List the prime factors of 36731.
23, 1597
List the prime factors of 2687.
2687
What are the prime factors of 25420?
2, 5, 31, 41
What are the prime factors of 20005?
5, 4001
List the prime factors of 19010.
2, 5, 1901
What are the prime factors of 26327?
7, 3761
What are the prime factors of 7152?
2, 3, 149
List the prime factors of 1048.
2, 131
What are the prime factors of 13214?
2, 6607
List the prime factors of 174746.
2, 11, 13, 47
What are the prime factors of 58298?
2, 103, 283
List the prime factors of 3976.
2, 7, 71
What are the prime factors of 932?
2, 233
List the prime factors of 542.
2, 271
What are the prime factors of 5298?
2, 3, 883
What are the prime factors of 709?
709
What are the prime factors of 15458?
2, 59, 131
What are the prime factors of 25772?
2, 17, 379
List the prime factors of 2493.
3, 277
What are the prime factors of 98203?
7, 14029
What are the prime factors of 536?
2, 67
List the prime factors of 51027.
3, 73, 233
What are the prime factors of 1027?
13, 79
What are the prime factors of 15012?
2, 3, 139
List the prime factors of 27094.
2, 19, 23, 31
What are the prime factors of 14279?
109, 131
What are the prime factors of 149375?
5, 239
List the prime factors of 8029.
7, 31, 37
List the prime factors of 950.
2, 5, 19
What are the prime factors of 5678?
2, 17, 167
List the prime factors of 2628.
2, 3, 73
What are the prime factors of 35683?
17, 2099
List the prime factors of 74225.
5, 2969
List the prime factors of 37761.
3, 41, 307
What are the prime factors of 3089?
3089
What are the prime factors of 46206?
2, 3, 17, 151
List the prime factors of 50359.
50359
What are the prime factors of 2368?
2, 37
What are the prime factors of 2024?
2, 11, 23
What are the prime factors of 66099?
3, 11, 2003
List the prime factors of 23606.
2, 11, 29, 37
List the prime factors of 63.
3, 7
What are the prime factors of 1173?
3, 17, 23
What are the prime factors of 1048?
2, 131
What are the prime factors of 2485?
5, 7, 71
What are the prime factors of 968?
2, 11
What are the prime factors of 2654?
2, 1327
What are the prime factors of 3994?
2, 1997
What are the prime factors of 166?
2, 83
What are the prime factors of 18952?
2, 23, 103
What are the prime factors of 2079?
3, 7, 11
What are the prime factors of 19966?
2, 67, 149
What are the prime factors of 71816?
2, 47, 191
List the prime factors of 27825.
3, 5, 7, 53
List the prime factors of 32240.
2, 5, 13, 31
What are the prime factors of 2209?
47
What are the prime factors of 71735?
5, 14347
List the prime factors of 135.
3, 5
What are the prime factors of 84434?
2, 7, 37, 163
What are the prime factors of 4886?
2, 7, 349
What are the prime factors of 35698?
2, 13, 1373
List the prime factors of 1669.
1669
List the prime factors of 62508.
2, 3, 5209
What are the prime factors of 852?
2, 3, 71
What are the prime factors of 106299?
3, 31, 127
List the prime factors of 26962.
2, 13, 17, 61
List the prime factors of 777.
3, 7, 37
What are the prime factors of 2999?
2999
List the prime factors of 4127.
4127
List the prime factors of 406.
2, 7, 29
List the prime factors of 5496.
2, 3, 229
List the prime factors of 11731.
11731
List the prime factors of 1543.
1543
What are the prime factors of 1295?
5, 7, 37
List the prime factors of 97935.
3, 5, 6529
List the prime factors of 11259.
3, 139
List the prime factors of 1126.
2, 563
List the prime factors of 16102.
2, 83, 97
What are the prime factors of 7594?
2, 3797
List the prime factors of 13402.
2, 6701
What are the prime factors of 902?
2, 11, 41
What are the prime factors of 1825?
5, 73
What are the prime factors of 1907?
1907
What are the prime factors of 34010?
2, 5, 19, 179
What are the prime factors of 5481?
3, 7, 29
List the prime factors of 1809.
3, 67
What are the prime factors of 1251?
3, 139
List the prime factors of 35.
5, 7
List the prime factors of 13483.
97, 139
What are the prime factors of 2725?
5, 109
List the prime factors of 15426.
2, 3, 857
List the prime factors of 13569.
3, 4523
List the prime factors of 10541.
83, 127
List the prime factors of 41198.
2, 20599
List the prime factors of 15931.
89, 179
List the prime factors of 42033.
3, 14011
What are the prime factors of 68332?
2, 11, 1553
What are the prime factors of 1473?
3, 491
List the prime factors of 94606.
2, 47303
What are the prime factors of 661?
661
What are the prime factors of 2180?
2, 5, 109
What are the prime factors of 8514?
2, 3, 11, 43
What are the prime factors of 5100?
2, 3, 5, 17
List the prime factors of 5215.
5, 7, 149
What are the prime factors of 82046?
2, 41023
List the prime factors of 57267.
3, 7, 101
List the prime factors of 8151.
3, 11, 13, 19
List the prime factors of 18583.
18583
What are the prime factors of 1363?
29, 47
What are the prime factors of 533?
13, 41
What are the prime factors of 143?
11, 13
What are the prime factors of 758?
2, 379
What are the prime factors of 13769?
7, 281
List the prime factors of 2161.
2161
What are the prime factors of 2725?
5, 109
List the prime factors of 1050.
2, 